3 is divided by 38.
3
What is the remainder when 960323 is divided by 480155?
13
What is the remainder when 9775935 is divided by 3727?
14
Calculate the remainder when 29350137 is divided by 354.
351
What is the remainder when 20001 is divided by 27?
21
Calculate the remainder when 15736122 is divided by 17123.
85
What is the remainder when 3236054 is divided by 328?
6
Calculate the remainder when 65822 is divided by 187.
185
What is the remainder when 1984322 is divided by 119?
116
What is the remainder when 279177 is divided by 4083?
1533
What is the remainder when 2685841 is divided by 62?
1
What is the remainder when 5677 is divided by 2743?
191
What is the remainder when 104736 is divided by 77?
16
What is the remainder when 1124782 is divided by 562375?
32
What is the remainder when 8996383 is divided by 84?
67
Calculate the remainder when 41983 is divided by 1743.
151
What is the remainder when 121857666 is divided by 17408238?
0
What is the remainder when 935041 is divided by 125?
41
What is the remainder when 10898221 is divided by 412?
409
Calculate the remainder when 23760511 is divided by 29.
28
Calculate the remainder when 167813 is divided by 2149.
191
What is the remainder when 11259600 is divided by 9?
6
What is the remainder when 4087047 is divided by 3296?
7
Calculate the remainder when 412794 is divided by 137581.
51
Calculate the remainder when 419576 is divided by 77.
3
Calculate the remainder when 8716362 is divided by 43.
4
Calculate the remainder when 19321955 is divided by 28.
23
Calculate the remainder when 288800 is divided by 937.
204
What is the remainder when 3816899 is divided by 90?
89
Calculate the remainder when 9153766 is divided by 120.
46
What is the remainder when 2143723 is divided by 625?
598
Calculate the remainder when 14626299 is divided by 256.
251
What is the remainder when 433196833 is divided by 68102?
11
Calculate the remainder when 696229 is divided by 335.
99
Calculate the remainder when 1083581 is divided by 143.
70
Calculate the remainder when 70215669 is divided by 5.
4
What is the remainder when 399300 is divided by 326?
276
Calculate the remainder when 182493 is divided by 764.
661
Calculate the remainder when 117466439 is divided by 347.
346
Calculate the remainder when 212562 is divided by 13.
12
Calculate the remainder when 357320 is divided by 17011.
89
Calculate the remainder when 194872 is divided by 365.
327
What is the remainder when 13117 is divided by 824?
757
What is the remainder when 19497556 is divided by 9748750?
56
What is the remainder when 25141839 is divided by 96?
15
Calculate the remainder when 66246 is divided by 58317.
7929
What is the remainder when 96160 is divided by 11927?
744
Calculate the remainder when 9510799 is divided by 398.
191
Calculate the remainder when 6916901 is divided by 1383249.
656
What is the remainder when 1804827 is divided by 35?
17
What is the remainder when 53891 is divided by 46?
25
What is the remainder when 78351 is divided by 78339?
12
Calculate the remainder when 50772972 is divided by 72.
12
Calculate the remainder when 1854410 is divided by 2811.
1961
Calculate the remainder when 22042 is divided by 20922.
1120
What is the remainder when 1070115 is divided by 426?
3
What is the remainder when 1237126 is divided by 412363?
37
Calculate the remainder when 19746842 is divided by 929.
18
Calculate the remainder when 285995 is divided by 91.
73
What is the remainder when 485527 is divided by 290?
67
Calculate the remainder when 268072 is divided by 314.
230
What is the remainder when 24227825 is divided by 6056948?
33
Calculate the remainder when 15233235 is divided by 354261.
12
Calculate the remainder when 4322771 is divided by 762.
707
Calculate the remainder when 8708108 is divided by 4354052.
4
What is the remainder when 2571618 is divided by 73463?
413
Calculate the remainder when 39870 is divided by 9269.
2794
What is the remainder when 419167 is divided by 843?
196
What is the remainder when 118529 is divided by 57086?
4357
Calculate the remainder when 120684 is divided by 75.
9
What is the remainder when 6188235 is divided by 19583?
7
Calculate the remainder when 1111606 is divided by 5030.
5006
What is the remainder when 14887 is divided by 14798?
89
Calculate the remainder when 24624481 is divided by 694.
667
What is the remainder when 49000638 is divided by 416?
414
Calculate the remainder when 71583 is divided by 87.
69
What is the remainder when 4504863 is divided by 676?
675
What is the remainder when 274450 is divided by 8572?
146
What is the remainder when 23806979 is divided by 2483?
2458
Calculate the remainder when 29634037 is divided by 80.
37
Calculate the remainder when 4850801 is divided by 1616888.
137
Calculate the remainder when 35837 is divided by 11822.
371
Calculate the remainder when 445425 is divided by 49488.
33
Calculate the remainder when 8843349 is divided by 136051.
34
Calculate the remainder when 5097684 is divided by 728232.
60
Calculate the remainder when 228423897 is divided by 45.
27
Calculate the remainder when 37923385 is divided by 12641100.
85
Calculate the remainder when 3010951 is divided by 147.
97
Calculate the remainder when 125194899 is divided by 1887.
1884
Calculate the remainder when 30867565 is divided by 3429729.
4
Calculate the remainder when 3178670 is divided by 50455.
5
What is the remainder when 507485 is divided by 1148?
69
What is the remainder when 314794 is divided by 74?
72
What is the remainder when 153101 is divided by 21778?
655
Calculate the remainder when 86756 is divided by 16350.
5006
What is the remainder when 252768034 is divided by 84256008?
10
Calculate the remainder when 173802 is divided by 86771.
260
Calculate the remainder when 33416864 is divided by 56.
40
Calculate the remainder when 1164500 is divided by 1208.
1196
Calculate the remainder when 254183 is divided by 2621.
2567
What is the remainder when 7591092 is divided by 1850?
542
What is the remainder when 15334619 is divided by 2065?
1994
Calculate the remainder when 278264966 is divided by 54.
50
Calculate the remainder when 137220 is divided by 5293.
4895
What is the remainder when 68262 is divided by 67834?
428
What is the remainder when 1262395 is divided by 444?
103
What is the remainder when 710154 is divided by 223?
122
Calculate the remainder when 61581 is divided by 57584.
3997
Calculate the remainder when 597166 is divided by 597148.
18
Calculate the remainder when 9142149 is divided by 38.
33
What is the remainder when 824324 is divided by 54953?
29
Calculate the remainder when 38000 is divided by 1533.
1208
What is the remainder when 522472 is divided by 3580?
3372
Calculate the remainder when 197607 is divided by 21221.
6618
Calculate the remainder when 11468922 is divided by 82510.
32
What is the remainder when 41991763 is divided by 5247?
22
What is the remainder when 18675435 is divided by 27?
21
What is the remainder when 139734498 is divided by 78?
72
Calculate the remainder when 92787 is divided by 22707.
1959
Calculate the remainder when 77660781 is divided by 72.
69
What is the remainder when 42477554 is divided by 142542?
38
Calculate the remainder when 122632 is divided by 112965.
9667
Calculate the remainder when 12511235 is divided by 33.
11
Calculate the remainder when 4913212 is divided by 4913067.
145
What is the remainder when 206283 is divided by 103137?
9
Calculate the remainder when 9115874 is divided by 22.
20
Calculate the remainder when 137340 is divided by 2484.
720
What is the remainder when 505156428 is divided by 176?
172
Calculate the remainder when 292256 is divided by 291861.
395
What is the remainder when 62682 is divided by 641?
505
Calculate the remainder when 3476340 is divided by 63195.
615
Calculate the remainder when 33588448 is divided by 16794209.
30
Calculate the remainder when 76591 is divided by 19146.
7
What is the remainder when 39408095 is divided by 9?
2
What is the remainder when 32424588 is divided by 3182?
8
What is the remainder when 3190324 is divided by 382?
242
Calculate the remainder when 546265 is divided by 52.
5
Calculate the remainder when 5764022 is divided by 584.
526
Calculate the remainder when 16314605 is divided by 135954